{"id":6466,"date":"2025-05-08T04:54:51","date_gmt":"2025-05-08T04:54:51","guid":{"rendered":"https:\/\/cmbaldim1.websiteseguro.com\/site\/?page_id=6466"},"modified":"2026-03-31T11:12:16","modified_gmt":"2026-03-31T11:12:16","slug":"editais-de-convocacao","status":"publish","type":"page","link":"https:\/\/cmbaldim1.websiteseguro.com\/site\/editais-de-convocacao\/","title":{"rendered":"EDITAIS DE CONVOCA\u00c7\u00c3O"},"content":{"rendered":"\t\t<div data-elementor-type=\"wp-page\" data-elementor-id=\"6466\" class=\"elementor elementor-6466\">\n\t\t\t\t\t\t\t\t\t<section class=\"elementor-section elementor-top-section elementor-element elementor-element-128396e1 elementor-section-boxed elementor-section-height-default elementor-section-height-default wpr-particle-no wpr-jarallax-no wpr-parallax-no wpr-sticky-section-no\" data-id=\"128396e1\" data-element_type=\"section\">\n\t\t\t\t\t\t<div class=\"elementor-container elementor-column-gap-default\">\n\t\t\t\t\t<div class=\"elementor-column elementor-col-100 elementor-top-column elementor-element elementor-element-49016d05\" data-id=\"49016d05\" data-element_type=\"column\">\n\t\t\t<div class=\"elementor-widget-wrap elementor-element-populated\">\n\t\t\t\t\t\t\t\t<div class=\"elementor-element elementor-element-2fdfca3 elementor-widget elementor-widget-text-editor\" data-id=\"2fdfca3\" data-element_type=\"widget\" data-widget_type=\"text-editor.default\">\n\t\t\t\t<div class=\"elementor-widget-container\">\n\t\t\t<style>\/*! elementor - v3.13.3 - 28-05-2023 *\/\n.elementor-widget-text-editor.elementor-drop-cap-view-stacked .elementor-drop-cap{background-color:#69727d;color:#fff}.elementor-widget-text-editor.elementor-drop-cap-view-framed .elementor-drop-cap{color:#69727d;border:3px solid;background-color:transparent}.elementor-widget-text-editor:not(.elementor-drop-cap-view-default) .elementor-drop-cap{margin-top:8px}.elementor-widget-text-editor:not(.elementor-drop-cap-view-default) .elementor-drop-cap-letter{width:1em;height:1em}.elementor-widget-text-editor .elementor-drop-cap{float:left;text-align:center;line-height:1;font-size:50px}.elementor-widget-text-editor .elementor-drop-cap-letter{display:inline-block}<\/style>\t\t\t\t<!-- wp:paragraph -->\n<p>\u00a0<\/p>\n<h3><strong>Editais de Convoca\u00e7\u00e3o<\/strong><\/h3>\n<p><a href=\"https:\/\/cmbaldim1.websiteseguro.com\/site\/wp-content\/uploads\/2026\/03\/EDITAL-DE-COMISSOES-N\u00b014-DE-31-DE-MARCO-DE-2026.pdf\">EDITAL DE COMISS\u00d5ES N\u00b014 DE 31 DE MAR\u00c7O DE 2026<\/a><\/p>\n<p><a href=\"https:\/\/cmbaldim1.websiteseguro.com\/site\/wp-content\/uploads\/2026\/03\/EDITAL-N\u00b011-EXTRAORDINARIA-23-DE-MARCO-DE-2026.pdf\">EDITAL N\u00b011 EXTRAORDIN\u00c1RIA 23 DE MAR\u00c7O DE 2026<\/a><\/p>\n<p><a href=\"https:\/\/cmbaldim1.websiteseguro.com\/site\/10o-edital-de-convocacao-10o-reuniao-extraordinaria\/\">EDITAL-DE-COMISSOES-N\u00b014-DE-31-DE-MARCO-DE-2026<\/a><\/p>\n<p><a href=\"https:\/\/cmbaldim1.websiteseguro.com\/site\/10o-edital-de-convocacao-10o-reuniao-extraordinaria\/\">10\u00ba\u00a0EDITAL\u00a0DE\u00a0CONVOCA\u00c7\u00c3O\u00a0\u2013\u00a010\u00ba\u00a0REUNI\u00c3O\u00a0EXTRAORDIN\u00c1RIA<\/a><\/p>\n<p><a href=\"https:\/\/cmbaldim1.websiteseguro.com\/site\/edital-n13-2026reuniao-conjunta-de-comissoes-permanentes-da-camara-municipal-de-baldim\/\">EDITAL N\u00b013\/2026REUNI\u00c3O CONJUNTA DE COMISS\u00d5ES PERMANENTES DA C\u00c2MARA MUNICIPAL DE BALDIM<\/a><\/p>\n<p><a href=\"https:\/\/cmbaldim1.websiteseguro.com\/site\/9o-edital-de-convocacao\/\">9\u00ba\u00a0EDITAL\u00a0DE\u00a0CONVOCA\u00c7\u00c3O\u00a0\u2013\u00a009\u00ba REUNI\u00c3O EXTRAORDIN\u00c1RIA<\/a><\/p>\n<p><a href=\"https:\/\/cmbaldim1.websiteseguro.com\/site\/edital-de-reuniao-especial-no-01-2025\/\">EDITAL DE REUNI\u00c3O ESPECIAL N\u00ba 01\/2025<\/a><\/p>\n<p><a href=\"https:\/\/cmbaldim1.websiteseguro.com\/site\/edital-no11-2025-reuniao-conjunta-de-comissoes-permanentes-da-camara-municipal-de-baldim\/\">EDITAL\u00a0N\u00ba11\/2025\u00a0REUNI\u00c3O\u00a0CONJUNTA\u00a0DE\u00a0COMISS\u00d5ES\u00a0PERMANENTES\u00a0DA\u00a0C\u00c2MARA\u00a0MUNICIPAL DE BALDIM<\/a><\/p>\n<p><a href=\"https:\/\/cmbaldim1.websiteseguro.com\/site\/edital-de-audiencia-publica-no03-2025\/\">Edital de Audi\u00eancia P\u00fablica N\u00ba03\/2025<\/a><\/p>\n<p><a href=\"https:\/\/cmbaldim1.websiteseguro.com\/site\/8-edital-de-convocacao-08a-reuniao-extraordinaria\/\">8\u00b0 EDITAL DE CONVOCA\u00c7\u00c3O \u2013 08\u00aa REUNI\u00c3O EXTRAORDIN\u00c1RIA<\/a><\/p>\n<p><a href=\"https:\/\/cmbaldim1.websiteseguro.com\/site\/edital-n10-2025\/\">EDITAL N\u00b010\/2025 &#8211; <strong><u>REUNI\u00c3O CONJUNTA DE COMISS\u00d5ES PERMANENTES DA C\u00c2MARA MUNICIPAL DE BALDIM.<\/u><\/strong><\/a><\/p>\n<p><a href=\"https:\/\/cmbaldim1.websiteseguro.com\/site\/edital-de-audiencia-publica-no-02-2025-copasa\/\">EDITAL\u00a0DE\u00a0AUDI\u00caNCIA\u00a0P\u00daBLICA\u00a0N\u00ba\u00a002\/2025.\u00a0COPASA<\/a><\/p>\n<p><a href=\"https:\/\/cmbaldim1.websiteseguro.com\/site\/edital-no09-2025\/\">EDITAL\u00a0N\u00ba09\/2025 &#8211; Reuni\u00e3o Conjunta das Comiss\u00f5es Permanentes<\/a><\/p>\n<p><a href=\"https:\/\/cmbaldim1.websiteseguro.com\/site\/edital-no08-2025-reuniao-conjunta-de-comissoes-permanentes-da-camara-municipal-de-baldim\/\">EDITAL\u00a0N\u00ba08\/2025\u00a0REUNI\u00c3O\u00a0CONJUNTA\u00a0DE\u00a0COMISS\u00d5ES\u00a0PERMANENTES\u00a0DA\u00a0C\u00c2MARA\u00a0MUNICIPAL\u00a0DE\u00a0BALDIM\u201d\u00a0<\/a><\/p>\n<p><a href=\"https:\/\/cmbaldim1.websiteseguro.com\/site\/6-edital-de-convocacao-06-reuniao-extraordinaria\/\">6\u00b0 EDITAL DE CONVOCA\u00c7\u00c3O \u2013 06\u00b0 REUNI\u00c3O EXTRAORDIN\u00c1RIA<\/a><\/p>\n<p><a href=\"https:\/\/cmbaldim1.websiteseguro.com\/site\/5-edital-de-convocacao-05a-reuniao-extraordinaria\/\">5\u00b0 Edital de Convoca\u00e7\u00e3o \u2013 05\u00aa Reuni\u00e3o Extraordin\u00e1ria<\/a><\/p>\n<p><a href=\"https:\/\/cmbaldim1.websiteseguro.com\/site\/edital-de-audiencia-publica-n01-2025\/\">Edital de Audi\u00eancia P\u00fablica N\u00b001\/2025<\/a><\/p>\n<p><a href=\"https:\/\/cmbaldim1.websiteseguro.com\/site\/edital-05-2025-reuniao-conjunta-de-comissoes-permanentes\/\">Edital 05\/2025 \u2013 Reuni\u00e3o Conjunta de Comiss\u00f5es Permanentes<\/a><\/p>\n<p><a href=\"https:\/\/cmbaldim1.websiteseguro.com\/site\/edital-06-2025-27-de-maio-de-2025\/\">Edital 06\/2025 \u2013 27 de maio de 2025<\/a><\/p>\n<p><a href=\"https:\/\/cmbaldim1.websiteseguro.com\/site\/edital-07-2025-comissoes\/\">Edital 07\/2025 \u2013 Comiss\u00f5es<\/a><\/p>\n<p><a href=\"https:\/\/cmbaldim1.websiteseguro.com\/site\/4o-edital-de-convocacao-4o-reuniao-extraordinaria\/\">4\u00ba Edital de Convoca\u00e7\u00e3o \u2013 4\u00ba Reuni\u00e3o Extraordin\u00e1ria<\/a><\/p>\n<p><a href=\"https:\/\/cmbaldim1.websiteseguro.com\/site\/edital-05-2025-reuniao-conjunta-de-comissoes-permanentes-da-camara-municipal-de-baldim\/\">EDITAL 05\/2025 \u2013 REUNI\u00c3O CONJUNTA DE COMISS\u00d5ES PERMANENTES<\/a><\/p>\n<p><a href=\"https:\/\/cmbaldim1.websiteseguro.com\/site\/4-edital-de-convocacao-04a-reuniao-extraordinaria\/\">4\u00b0 EDITAL DE CONVOCA\u00c7\u00c3O \u2013 04\u00aa REUNI\u00c3O EXTRAORDIN\u00c1RIA<\/a><\/p>\n<p><a href=\"https:\/\/cmbaldim1.websiteseguro.com\/site\/edital-de-convocacao-001-2025\/\" data-type=\"post\" data-id=\"6463\">Edital de Convoca\u00e7\u00e3o 001\/2025 &#8211; Clique Aqui<\/a><\/p>\n<!-- \/wp:paragraph --><!-- wp:paragraph -->\n<p>\u00a0<\/p>\n<!-- \/wp:paragraph -->\t\t\t\t\t\t<\/div>\n\t\t\t\t<\/div>\n\t\t\t\t\t<\/div>\n\t\t<\/div>\n\t\t\t\t\t\t\t<\/div>\n\t\t<\/section>\n\t\t\t\t\t\t\t<\/div>\n\t\t","protected":false},"excerpt":{"rendered":"<p>\u00a0 Editais de Convoca\u00e7\u00e3o EDITAL DE COMISS\u00d5ES N\u00b014 DE 31 DE MAR\u00c7O DE 2026 EDITAL N\u00b011 EXTRAORDIN\u00c1RIA 23 DE MAR\u00c7O DE 2026 EDITAL-DE-COMISSOES-N\u00b014-DE-31-DE-MARCO-DE-2026 10\u00ba\u00a0EDITAL\u00a0DE\u00a0CONVOCA\u00c7\u00c3O\u00a0\u2013\u00a010\u00ba\u00a0REUNI\u00c3O\u00a0EXTRAORDIN\u00c1RIA EDITAL N\u00b013\/2026REUNI\u00c3O CONJUNTA DE COMISS\u00d5ES PERMANENTES DA C\u00c2MARA<a class=\"moretag\" href=\"https:\/\/cmbaldim1.websiteseguro.com\/site\/editais-de-convocacao\/\">Read More&#8230;<\/a><\/p>\n","protected":false},"author":6,"featured_media":0,"parent":0,"menu_order":0,"comment_status":"closed","ping_status":"closed","template":"","meta":{"footnotes":""},"class_list":["post-6466","page","type-page","status-publish","hentry"],"_links":{"self":[{"href":"https:\/\/cmbaldim1.websiteseguro.com\/site\/wp-json\/wp\/v2\/pages\/6466","targetHints":{"allow":["GET"]}}],"collection":[{"href":"https:\/\/cmbaldim1.websiteseguro.com\/site\/wp-json\/wp\/v2\/pages"}],"about":[{"href":"https:\/\/cmbaldim1.websiteseguro.com\/site\/wp-json\/wp\/v2\/types\/page"}],"author":[{"embeddable":true,"href":"https:\/\/cmbaldim1.websiteseguro.com\/site\/wp-json\/wp\/v2\/users\/6"}],"replies":[{"embeddable":true,"href":"https:\/\/cmbaldim1.websiteseguro.com\/site\/wp-json\/wp\/v2\/comments?post=6466"}],"version-history":[{"count":79,"href":"https:\/\/cmbaldim1.websiteseguro.com\/site\/wp-json\/wp\/v2\/pages\/6466\/revisions"}],"predecessor-version":[{"id":9202,"href":"https:\/\/cmbaldim1.websiteseguro.com\/site\/wp-json\/wp\/v2\/pages\/6466\/revisions\/9202"}],"wp:attachment":[{"href":"https:\/\/cmbaldim1.websiteseguro.com\/site\/wp-json\/wp\/v2\/media?parent=6466"}],"curies":[{"name":"wp","href":"https:\/\/api.w.org\/{rel}","templated":true}]}}